{"id":23939,"date":"2023-04-10T22:28:13","date_gmt":"2023-04-10T21:28:13","guid":{"rendered":"https:\/\/malagarden.hu\/?page_id=23939"},"modified":"2023-04-12T14:03:22","modified_gmt":"2023-04-12T13:03:22","slug":"useful-information","status":"publish","type":"page","link":"https:\/\/malagarden.hu\/en\/useful-information\/","title":{"rendered":"Useful Information"},"content":{"rendered":"<div class=\"fusion-fullwidth fullwidth-box fusion-builder-row-1 fusion-flex-container nonhundred-percent-fullwidth non-hundred-percent-height-scrolling\" style=\"--awb-border-radius-top-left:0px;--awb-border-radius-top-right:0px;--awb-border-radius-bottom-right:0px;--awb-border-radius-bottom-left:0px;--awb-flex-wrap:wrap;\" ><div class=\"fusion-builder-row fusion-row fusion-flex-align-items-flex-start fusion-flex-content-wrap\" style=\"max-width:1430px;margin-left: calc(-4% \/ 2 );margin-right: calc(-4% \/ 2 );\"><div class=\"fusion-layout-column fusion_builder_column fusion-builder-column-0 fusion_builder_column_1_1 1_1 fusion-flex-column\" style=\"--awb-bg-size:cover;--awb-width-large:100%;--awb-margin-top-large:0px;--awb-spacing-right-large:1.92%;--awb-margin-bottom-large:0px;--awb-spacing-left-large:1.92%;--awb-width-medium:100%;--awb-spacing-right-medium:1.92%;--awb-spacing-left-medium:1.92%;--awb-width-small:100%;--awb-spacing-right-small:1.92%;--awb-spacing-left-small:1.92%;\"><div class=\"fusion-column-wrapper fusion-flex-justify-content-flex-start fusion-content-layout-column\"><div class=\"fusion-text fusion-text-1\"><h2>Mala Garden \u2013 Useful Information<\/h2>\n<p><strong>Room Prices<\/strong><\/p>\n<ul>\n<li>Prices of Mala Garden Si\u00f3fok apply as indicated in HUF, and include VAT. Prices in EUR are indicative only, due to the fluctuation in exchange rates.<\/li>\n<li>Breakfast is included in the prices.<\/li>\n<li>Prices are determined in compliance with relevant statutory provisions.<\/li>\n<li>With the exception of confirmed booking rates, we reserve the right to change our prices any time.<\/li>\n<li>Prices do not include local tourist tax, which amounts to HUF 550\/guest\/night.<br \/>\n<em>(Applicable for guests 18 years of age and above)<\/em><\/li>\n<\/ul>\n<p><strong>Arrival<\/strong><\/p>\n<ul>\n<li>Rooms are available from 3:00 pm on the day of arrival.<\/li>\n<li>Please notify the hotel in case of early arrival, after receiving your booking confirmation.<\/li>\n<li>Please make sure you notify the hotel if you wish to check in after 6:00 pm.<\/li>\n<\/ul>\n<p><strong>Departure<\/strong><\/p>\n<ul>\n<li>Please leave the room by 11:00 am on the day of departure.<\/li>\n<li>The option to check out late has to be arranged beforehand <em>(subject to availability).<\/em><\/li>\n<\/ul>\n<p><strong>Parking<\/strong><\/p>\n<ul>\n<li>In the garage parking lot of the hotel: indoor parking: 3,500 HUF\/day, outdoor parking 2.500 HUF \/ day in high season, indoor parking: 2,500 HUF\/day, outdoor parking 2.000 HUF \/ day in off season (limited availability, by prior arrangement).<\/li>\n<li>In the outdoor parking lot next to the hotel: 2.500 HUF \/ day (in high season: 15th May \u2013 15th September, by prior arrangement), FREE in off season.<\/li>\n<\/ul>\n<p><strong>Electric car charging options<\/strong><\/p>\n<ul>\n<li>Main season: indoor parking 3.500 HUF\/day + 254 Ft \/ kWh<\/li>\n<li>Off-season: indoor parking 2.500 HUF\/day + 254 Ft \/ kWh<\/li>\n<li>We have 1 electric car charger, pre-booking is essential.<\/li>\n<li>The charger has a Type2 plug. We can\u2019t provide charging cable.<\/li>\n<li>Please contact our reception for occasional recharging.<\/li>\n<li>The size of the parking place: 6,5 m long x 2,4 m wide x 1,78 m high<\/li>\n<li>There is an additional car charging station 60 meters far from our hotel (E-Mobi &#8211; Pet\u0151fi s\u00e9t\u00e1ny)<\/li>\n<\/ul>\n<p><strong>Pets<\/strong><\/p>\n<ul>\n<li>Taking our hotel\u2019s parameters into consideration, we can only accommodate pets under 10 kg and\/or 45 cm. Pet surcharge: HUF 12,000\/pet\/night.<\/li>\n<li>Please make sure you notify the hotel in case you wish to bring a pet with you!<\/li>\n<\/ul>\n<p><strong>Booking<\/strong><\/p>\n<ul>\n<li>We only accept bookings in written form, but you can call us any time if you need more information!<\/li>\n<li>We send a confirmation for every booking, which needs to be confirmed by the guest in written form.<\/li>\n<\/ul>\n<p><strong>Cancellation Policy<\/strong><\/p>\n<ul>\n<li>You may cancel your booking free of charge up to 14 days before the arrival date. For bookings cancelled later than this you will be charged an amount equivalent to the price of 3 nights\u2019 stay, or in the case of bookings shorter than that, the full price of the original booking.<\/li>\n<li>In high season <em>(10.06\u201327.08)<\/em>, you may cancel your booking free of charge up to 21 days before the arrival date. For bookings cancelled later than this you will be charged an amount equivalent to the price of 3 nights\u2019 stay, or in the case of bookings shorter than that, the full price of the original booking.<\/li>\n<li>Note that we are unable to accept cancellations by phone, please send a written notice <em>(via email or by post)<\/em> of your cancellation.<\/li>\n<li>In case you check out before the confirmed departure date, the full price of the original booking is payable.<\/li>\n<li>We recommend buying a travel cancellation insurance.<\/li>\n<\/ul>\n<p><strong>Payment Options<\/strong><\/p>\n<ul>\n<li>Cash<\/li>\n<li>Credit Card (AMEX, MasterCard, VISA, Maestro)<\/li>\n<li>SZ\u00c9P Card (OTP, MKB, K&amp;H)<\/li>\n<\/ul>\n<\/div><\/div><\/div><\/div><\/div>\n","protected":false},"excerpt":{"rendered":"","protected":false},"author":1,"featured_media":19773,"parent":0,"menu_order":0,"comment_status":"closed","ping_status":"closed","template":"100-width.php","meta":{"inline_featured_image":false,"footnotes":""},"class_list":["post-23939","page","type-page","status-publish","has-post-thumbnail","hentry"],"_links":{"self":[{"href":"https:\/\/malagarden.hu\/en\/wp-json\/wp\/v2\/pages\/23939","targetHints":{"allow":["GET"]}}],"collection":[{"href":"https:\/\/malagarden.hu\/en\/wp-json\/wp\/v2\/pages"}],"about":[{"href":"https:\/\/malagarden.hu\/en\/wp-json\/wp\/v2\/types\/page"}],"author":[{"embeddable":true,"href":"https:\/\/malagarden.hu\/en\/wp-json\/wp\/v2\/users\/1"}],"replies":[{"embeddable":true,"href":"https:\/\/malagarden.hu\/en\/wp-json\/wp\/v2\/comments?post=23939"}],"version-history":[{"count":0,"href":"https:\/\/malagarden.hu\/en\/wp-json\/wp\/v2\/pages\/23939\/revisions"}],"wp:featuredmedia":[{"embeddable":true,"href":"https:\/\/malagarden.hu\/en\/wp-json\/wp\/v2\/media\/19773"}],"wp:attachment":[{"href":"https:\/\/malagarden.hu\/en\/wp-json\/wp\/v2\/media?parent=23939"}],"curies":[{"name":"wp","href":"https:\/\/api.w.org\/{rel}","templated":true}]}}

<div class="fusion-fullwidth fullwidth-box fusion-builder-row-1 fusion-flex-container nonhundred-percent-fullwidth non-hundred-percent-height-scrolling" style="--awb-border-radius-top-left:0px;--awb-border-radius-top-right:0px;--awb-border-radius-bottom-right:0px;--awb-border-radius-bottom-left:0px;--awb-flex-wrap:wrap;" ><div class="fusion-builder-row fusion-row fusion-flex-align-items-flex-start fusion-flex-content-wrap" style="max-width:1430px;margin-left: calc(-4% / 2 );margin-right: calc(-4% / 2 );"><div class="fusion-layout-column fusion_builder_column fusion-builder-column-0 fusion_builder_column_1_1 1_1 fusion-flex-column" style="--awb-bg-size:cover;--awb-width-large:100%;--awb-margin-top-large:0px;--awb-spacing-right-large:1.92%;--awb-margin-bottom-large:0px;--awb-spacing-left-large:1.92%;--awb-width-medium:100%;--awb-spacing-right-medium:1.92%;--awb-spacing-left-medium:1.92%;--awb-width-small:100%;--awb-spacing-right-small:1.92%;--awb-spacing-left-small:1.92%;"><div class="fusion-column-wrapper fusion-flex-justify-content-flex-start fusion-content-layout-column"><div class="fusion-text fusion-text-1"><h2>Mala Garden – Useful Information</h2>
<p><strong>Room Prices</strong></p>
<ul>
<li>Prices of Mala Garden Siófok apply as indicated in HUF, and include VAT. Prices in EUR are indicative only, due to the fluctuation in exchange rates.</li>
<li>Breakfast is included in the prices.</li>
<li>Prices are determined in compliance with relevant statutory provisions.</li>
<li>With the exception of confirmed booking rates, we reserve the right to change our prices any time.</li>
<li>Prices do not include local tourist tax, which amounts to HUF 550/guest/night.<br />
<em>(Applicable for guests 18 years of age and above)</em></li>
</ul>
<p><strong>Arrival</strong></p>
<ul>
<li>Rooms are available from 3:00 pm on the day of arrival.</li>
<li>Please notify the hotel in case of early arrival, after receiving your booking confirmation.</li>
<li>Please make sure you notify the hotel if you wish to check in after 6:00 pm.</li>
</ul>
<p><strong>Departure</strong></p>
<ul>
<li>Please leave the room by 11:00 am on the day of departure.</li>
<li>The option to check out late has to be arranged beforehand <em>(subject to availability).</em></li>
</ul>
<p><strong>Parking</strong></p>
<ul>
<li>In the garage parking lot of the hotel: indoor parking: 3,500 HUF/day, outdoor parking 2.500 HUF / day in high season, indoor parking: 2,500 HUF/day, outdoor parking 2.000 HUF / day in off season (limited availability, by prior arrangement).</li>
<li>In the outdoor parking lot next to the hotel: 2.500 HUF / day (in high season: 15th May – 15th September, by prior arrangement), FREE in off season.</li>
</ul>
<p><strong>Electric car charging options</strong></p>
<ul>
<li>Main season: indoor parking 3.500 HUF/day + 254 Ft / kWh</li>
<li>Off-season: indoor parking 2.500 HUF/day + 254 Ft / kWh</li>
<li>We have 1 electric car charger, pre-booking is essential.</li>
<li>The charger has a Type2 plug. We can’t provide charging cable.</li>
<li>Please contact our reception for occasional recharging.</li>
<li>The size of the parking place: 6,5 m long x 2,4 m wide x 1,78 m high</li>
<li>There is an additional car charging station 60 meters far from our hotel (E-Mobi &#8211; Petőfi sétány)</li>
</ul>
<p><strong>Pets</strong></p>
<ul>
<li>Taking our hotel’s parameters into consideration, we can only accommodate pets under 10 kg and/or 45 cm. Pet surcharge: HUF 12,000/pet/night.</li>
<li>Please make sure you notify the hotel in case you wish to bring a pet with you!</li>
</ul>
<p><strong>Booking</strong></p>
<ul>
<li>We only accept bookings in written form, but you can call us any time if you need more information!</li>
<li>We send a confirmation for every booking, which needs to be confirmed by the guest in written form.</li>
</ul>
<p><strong>Cancellation Policy</strong></p>
<ul>
<li>You may cancel your booking free of charge up to 14 days before the arrival date. For bookings cancelled later than this you will be charged an amount equivalent to the price of 3 nights’ stay, or in the case of bookings shorter than that, the full price of the original booking.</li>
<li>In high season <em>(10.06–27.08)</em>, you may cancel your booking free of charge up to 21 days before the arrival date. For bookings cancelled later than this you will be charged an amount equivalent to the price of 3 nights’ stay, or in the case of bookings shorter than that, the full price of the original booking.</li>
<li>Note that we are unable to accept cancellations by phone, please send a written notice <em>(via email or by post)</em> of your cancellation.</li>
<li>In case you check out before the confirmed departure date, the full price of the original booking is payable.</li>
<li>We recommend buying a travel cancellation insurance.</li>
</ul>
<p><strong>Payment Options</strong></p>
<ul>
<li>Cash</li>
<li>Credit Card (AMEX, MasterCard, VISA, Maestro)</li>
<li>SZÉP Card (OTP, MKB, K&amp;H)</li>
</ul>
</div></div></div></div></div>
